is the remainder when 2196500 is divided by 1760?
20
Calculate the remainder when 990155 is divided by 1129.
22
What is the remainder when 58892 is divided by 7336?
204
Calculate the remainder when 98358 is divided by 2313.
1212
Calculate the remainder when 27689 is divided by 4992.
2729
What is the remainder when 140369 is divided by 701?
169
Calculate the remainder when 2734554 is divided by 197.
194
Calculate the remainder when 7047975 is divided by 1211.
1166
What is the remainder when 6824109 is divided by 68241?
9
What is the remainder when 4991259 is divided by 1663737?
48
Calculate the remainder when 22089909 is divided by 4712.
53
Calculate the remainder when 136945 is divided by 13677.
175
What is the remainder when 176326 is divided by 511?
31
What is the remainder when 218628 is divided by 1607?
76
What is the remainder when 1197602954 is divided by 67?
64
Calculate the remainder when 390100 is divided by 78001.
95
What is the remainder when 3235668 is divided by 3353?
23
What is the remainder when 792230 is divided by 2238?
2216
Calculate the remainder when 37944418 is divided by 7588880.
18
Calculate the remainder when 346114 is divided by 938.
930
Calculate the remainder when 30175678 is divided by 645.
643
Calculate the remainder when 74770378 is divided by 151664.
26
What is the remainder when 565767773 is divided by 5361?
5360
Calculate the remainder when 56901691 is divided by 13781.
13723
What is the remainder when 72128 is divided by 23440?
1808
What is the remainder when 153843 is divided by 6146?
193
What is the remainder when 1811892 is divided by 310?
252
Calculate the remainder when 7386213 is divided by 2754.
2739
Calculate the remainder when 14612429 is divided by 467.
466
Calculate the remainder when 668838 is divided by 380.
38
Calculate the remainder when 67552 is divided by 16845.
172
What is the remainder when 16534132 is divided by 77?
76
What is the remainder when 1193691 is divided by 298418?
19
Calculate the remainder when 7852555 is divided by 61831.
18
What is the remainder when 49423 is divided by 24710?
3
What is the remainder when 161307490 is divided by 646?
644
What is the remainder when 18491614 is divided by 430037?
23
What is the remainder when 45006566 is divided by 373?
13
Calculate the remainder when 137825193 is divided by 113.
110
Calculate the remainder when 854677 is divided by 915.
67
What is the remainder when 917849 is divided by 12387?
1211
Calculate the remainder when 878203445 is divided by 43.
40
What is the remainder when 3424281 is divided by 28?
21
Calculate the remainder when 20721679 is divided by 6907222.
13
Calculate the remainder when 31269 is divided by 31082.
187
What is the remainder when 13609266 is divided by 56?
34
Calculate the remainder when 103494 is divided by 8594.
366
What is the remainder when 21074 is divided by 607?
436
Calculate the remainder when 70303751 is divided by 93.
29
What is the remainder when 9575955 is divided by 503997?
12
Calculate the remainder when 3064382 is divided by 1197.
62
What is the remainder when 961547 is divided by 570?
527
What is the remainder when 4900595 is divided by 299?
284
What is the remainder when 33707 is divided by 8073?
1415
What is the remainder when 1367266 is divided by 20106?
58
What is the remainder when 2593114 is divided by 2593105?
9
Calculate the remainder when 33974108 is divided by 171.
170
Calculate the remainder when 4591681 is divided by 23915.
1
Calculate the remainder when 204759 is divided by 254.
35
Calculate the remainder when 282997 is divided by 868.
29
Calculate the remainder when 426395 is divided by 38759.
46
Calculate the remainder when 19449 is divided by 911.
318
Calculate the remainder when 585130 is divided by 1894.
1778
Calculate the remainder when 5407919 is divided by 96.
47
What is the remainder when 19074021 is divided by 733616?
5
Calculate the remainder when 112956 is divided by 37322.
990
Calculate the remainder when 9957 is divided by 4967.
23
Calculate the remainder when 4093742 is divided by 12.
2
Calculate the remainder when 1211892 is divided by 169.
162
What is the remainder when 690865109 is divided by 2886?
2885
Calculate the remainder when 767752 is divided by 23265.
7
What is the remainder when 119000361 is divided by 962?
961
What is the remainder when 23138968 is divided by 35059?
28
What is the remainder when 611630 is divided by 331?
273
What is the remainder when 81591 is divided by 18?
15
What is the remainder when 984287 is divided by 645?
17
What is the remainder when 124962 is divided by 94?
36
Calculate the remainder when 74356155 is divided by 3478.
3471
What is the remainder when 188817 is divided by 3699?
168
What is the remainder when 44476418 is divided by 1028?
1026
What is the remainder when 2760297 is divided by 219?
21
What is the remainder when 33902018 is divided by 1906?
1902
What is the remainder when 50786 is divided by 2107?
218
What is the remainder when 73934 is divided by 199?
105
Calculate the remainder when 4301065 is divided by 22878.
1
Calculate the remainder when 19675558 is divided by 3279257.
16
Calculate the remainder when 345145 is divided by 19854.
7627
What is the remainder when 58321894 is divided by 90844?
46
What is the remainder when 33459219 is divided by 8?
3
Calculate the remainder when 721369 is divided by 9131.
20
Calculate the remainder when 30033 is divided by 298.
233
What is the remainder when 11998189 is divided by 272?
269
What is the remainder when 2381 is divided by 324?
113
What is the remainder when 342664 is divided by 171248?
168
Calculate the remainder when 74318 is divided by 3712.
78
Calculate the remainder when 1824125 is divided by 10190.
115
What is the remainder when 41197 is divided by 6052?
4885
Calculate the remainder when 2980 is divided by 1366.
248
What is the remainder when 496877 is divided by 1?
0
Calculate the remainder when 5036924 is divided by 162478.
106
Calculate the remainder when 16960705 is divided by 1609.
236
Calculate the remainder when 718540 is divided by 175.
165
What is the remainder when 11565 is divided by 3417?
1314
Calculate the remainder when 170850 is divided by 1162.
36
What is the remainder when 62603142 is divided by 20867703?
33
Calculate the remainder when 8669001 is divided by 666842.
55
What is the remainder when 20206 is divided by 4348?
2814
What is the remainder when 424106414 is divided by 1757?
1754
What is the remainder when 33790 is divided by 9352?
5734
What is the remainder when 2200220 is divided by 416?
412
Calculate the remainder when 1896380 is divided by 238.
234
What is the remainder when 1799892 is divided by 20?
12
Calculate the remainder when 13030816 is divided by 9.
4
What is the remainder when 5207438 is divided by 2603688?
62
Calculate the remainder when 8762 is divided by 1852.
1354
What is the remainder when 449571 is divided by 7252?
7199
Calculate the remainder when 692070 is divided by 7522.
46
What is the remainder when 6723811 is divided by 80?
51
Calculate the remainder when 160072 is divided by 1907.
1791
What is the remainder when 11810 is divided by 2947?
22
Calculate the remainder when 2360805 is divided by 1180317.
171
What is the remainder when 40942 is divided by 1010?
542
What is the remainder when 72809680 is divided by 1074?
1072
Calculate the remainder when 42868938 is divided by 370.
368
Calculate the remainder when 2855490 is divided by 2855433.
57
Calculate the remainder when 259418 is divided by 28741.
749
What is the remainder when 415454 is divided by 30?
14
Calculate the remainder when 599096 is divided by 1184.
1176
Calculate the remainder when 2565296 is divided by 228.
68
Calculate the remainder when 211114 is divided by 28677.
10375
Calculate the remainder when 14859640 is divided by 2971926.
10
What is the remainder when 972222 is divided by 6232?
30
What is the remainder when 236038 is divided by 17985?
2233
What is the remainder when 32604 is divided by 15856?
892
Calculate the remainder when 32270208 is divided by 1505.
1503
Calculate the remainder when 4605875 is divided by 99.
98
Calculate the remainder when 200213 is divided by 804.
17
What is the remainder when 16994860 is divided by 16?
12
What is the remai